789367. Determine y(11).
-3
Let p(s) = 2*s**3 - 3541*s**2 - 168993*s + 21801. What is p(1817)?
-3
Let n(b) = -184*b**2 - 52440*b - 221. Determine n(-285).
-221
Let m(x) = -x**2 - 663*x - 100442. What is m(-234)?
-56
Let w(r) = -2*r**3 - 640*r**2 - 6263*r - 7. Calculate w(-10).
623
Let o(p) = 48013*p - 528144. What is o(11)?
-1
Let v(u) = 15*u - 5226. Give v(102).
-3696
Let j(p) = -p**2 + 105*p - 4277. What is j(71)?
-1863
Let u(j) = -30*j**3 + 314*j**2 - 136*j - 14. Give u(10).
26
Let i(l) = 33399*l - 200352. Give i(6).
42
Let i(l) = -3*l**2 - 3005*l - 17947. Give i(-6).
-25
Let k(n) = n**3 + 56*n**2 + 439*n + 593. Give k(-47).
-159
Let n(a) = 9*a**2 - 18*a + 332. Calculate n(8).
764
Let d(a) = -29889*a - 6545696. Give d(-219).
-5
Let u(q) = 7*q**3 + 189*q**2 - q - 34. Give u(-27).
-7
Let d(v) = v**3 - 189*v**2 - 1547*v - 5713. Give d(197).
0
Let z(w) = -49490*w - 1484701. Give z(-30).
-1
Let c(n) = n**2 + 475*n + 11358. Calculate c(-449).
-316
Let c(i) = -i**3 - 78*i**2 + 614*i + 9182. Give c(-84).
-58
Let y(b) = -b**3 + 405*b**2 - 20121*b - 883. Determine y(347).
852
Let r(b) = -2*b**2 - 51*b + 230. What is r(-31)?
-111
Let s(l) = -5*l**3 - 21*l**2 - 13*l + 43. Calculate s(-4).
79
Let s(r) = -r**2 + 83*r - 1492. Determine s(68).
-472
Let a(y) = -y**3 + 11*y**2 - 30*y + 172. What is a(7)?
158
Let i(n) = 2*n**3 - 189*n**2 - 2584*n + 203600. What is i(97)?
-3
Let g(z) = -71*z**3 + 418*z**2 + 470*z - 2535. Determine g(6).
-3
Let u(g) = -g**2 + 750*g - 35720. Calculate u(49).
-1371
Let c(k) = k**2 + 1425*k + 25343. Determine c(-18).
17
Let b(u) = u**3 - 10*u**2 + u + 184. Calculate b(10).
194
Let y(l) = -48*l**2 + 111*l + 616. Determine y(-6).
-1778
Let c(y) = -2*y**2 + 630*y - 15049. What is c(25)?
-549
Let p(g) = -752*g - 16017. What is p(-20)?
-977
Let j(x) = -293*x + 2497. What is j(7)?
446
Let k(z) = -806*z + 7126. Give k(8).
678
Let i(d) = 402*d - 25129. Determine i(65).
1001
Let s(j) = -4616*j - 100523. Give s(-22).
1029
Let a(p) = -p**2 + 288*p - 866. Give a(3).
-11
Let m(o) = -54*o**3 + 434*o**2 + 806*o - 6585. Give m(8).
-9
Let s(p) = p**3 + 17*p**2 + 1202*p + 20498. What is s(-17)?
64
Let x(b) = 49606*b - 99236. Calculate x(2).
-24
Let y(o) = 77171*o - 771492. Give y(10).
218
Let i(o) = -3*o**2 + 50146*o + 401361. Give i(-8).
1
Let x(f) = -2*f**2 + 370*f + 29084. What is x(-65)?
-3416
Let i(k) = 47513*k + 94753. Give i(-2).
-273
Let y(v) = 1299*v + 11503. Calculate y(-9).
-188
Let t(u) = u**2 + 363*u - 2175. What is t(6)?
39
Let v(c) = c**3 + 294*c**2 - 44*c - 12593. What is v(-294)?
343
Let s(l) = 5932*l - 1150796. Determine s(194).
12
Let o(c) = -29431*c + 1883580. What is o(64)?
-4
Let q(y) = 2*y**3 + 213*y**2 + 507*y - 1395. Determine q(-104).
-43
Let v(b) = -b**3 + 107*b**2 + 140*b - 24959. What is v(106)?
1117
Let k(x) = -x**3 - 51*x**2 + 131*x + 1852. Calculate k(-53).
527
Let j(h) = h**3 - 42*h**2 - 215*h + 7200. Determine j(43).
-196
Let y(w) = -530*w + 5417. Give y(11).
-413
Let t(c) = 2*c**3 - 26*c**2 + 122*c - 1083. Determine t(11).
-225
Let q(j) = -6145*j + 1063108. Calculate q(173).
23
Let d(h) = -3*h**3 + 72*h**2 - 56*h + 125. What is d(23)?
424
Let u(w) = -4*w**3 + 31*w**2 + 2322*w - 11888. Determine u(5).
-3
Let m(u) = -u**3 + 9*u**2 + 4862*u - 34187. What is m(7)?
-55
Let b(g) = -11078*g + 221545. Determine b(20).
-15
Let s(w) = 6*w**3 + 14*w**2 - 2*w + 171. Give s(-8).
-1989
Let g(z) = -1352*z + 22965. Calculate g(17).
-19
Let l(t) = -25*t**2 - 400*t + 105. Determine l(-16).
105
Let t(k) = -305*k - 4422. Calculate t(-16).
458
Let j(c) = -4433*c + 20944. Determine j(5).
-1221
Let n(j) = 200*j + 2285. Give n(-14).
-515
Let b(u) = 532956*u + 23. Calculate b(0).
23
Let t(j) = 2*j**2 - 1760*j + 14150. Give t(8).
198
Let z(m) = -18*m**2 - 416*m - 1903. Give z(-6).
-55
Let k(t) = -996*t + 16012. What is k(15)?
1072
Let p(r) = -2*r**2 + 1143*r + 45119. Calculate p(-37).
90
Let a(u) = -u**2 - 246*u - 579. Give a(-244).
-91
Let z(c) = 189264*c - 19494188. Give z(103).
4
Let h(b) = -b**3 - 49*b**2 + 1540*b + 2665. Give h(23).
-3
Let w(o) = o**3 + 18*o**2 - 1289*o - 25657. What is w(-21)?
89
Let r(o) = -10*o**2 + 2507*o - 22477. Calculate r(9).
-724
Let t(y) = 5114*y + 61314. Give t(-12).
-54
Let v(i) = 8*i**3 - 294*i**2 + 485*i + 192. What is v(35)?
17
Let r(l) = 2*l**3 + 10*l**2 - 415*l - 1272. What is r(-3)?
9
Let b(w) = -w**2 - 963*w + 5760. Determine b(6).
-54
Let n(k) = -134*k + 764. Determine n(-5).
1434
Let m(q) = -24*q**2 + 1545*q + 141. What is m(65)?
-834
Let n(o) = o**3 - 3*o**2 - 231*o - 294. What is n(-13)?
5
Let a(g) = 129*g + 2609. What is a(-7)?
1706
Let m(g) = g**3 - 101*g**2 + 176*g + 379. Calculate m(99).
-1799
Let v(n) = 6*n**3 - 179*n**2 - 34*n + 105. What is v(30)?
-15
Let v(t) = 1358*t + 352488. What is v(-258)?
2124
Let x(g) = 153081*g - 1530969. Determine x(10).
-159
Let v(i) = -6588*i + 8142737. Give v(1236).
-31
Let x(t) = -t**3 - 5*t**2 - 109*t - 797. What is x(-7)?
64
Let o(q) = 4226*q - 472. What is o(0)?
-472
Let t(w) = -11956*w - 95632. What is t(-8)?
16
Let q(l) = 2*l**3 - 10*l**2 + 345*l - 672. Calculate q(2).
-6
Let f(y) = 8*y**3 - y**2 - 155*y - 304. Give f(-2).
-62
Let n(k) = -4*k**3 + 113*k**2 + 3562*k - 100518. Give n(28).
2
Let o(h) = -35814*h + 286417. Determine o(8).
-95
Let p(u) = -u**3 + 468*u**2 + 47007*u + 71. Give p(-85).
-99
Let b(a) = 3*a**2 + 64*a + 599. Calculate b(15).
2234
Let z(p) = 12*p**2 + 1342*p - 9525. Give z(7).
457
Let w(s) = -s**3 - 48*s**2 - 834*s - 17114. Determine w(-38).
138
Let v(c) = -45*c**2 + 17*c + 3. Determine v(3).
-351
Let w(d) = -2*d**3 + 218*d**2 - 8*d + 721. What is w(109)?
-151
Let g(n) = -2*n**3 + 5*n**2 - 4668*n + 38038. What is g(8)?
-10
Let u(w) = -w**2 + 280*w - 10352. Give u(51).
1327
Let y(n) = 2169*n + 6282. Calculate y(-2).
1944
Let k(j) = -1588*j + 84050. Calculate k(53).
-114
Let t(q) = -q**3 - 122*q**2 - 552*q + 3885. Determine t(-117).
24
Let o(r) = 20*r**2 + 368*r + 48. Give o(-17).
-428
Let b(u) = u**2 - 1022. Calculate b(26).
-346
Let b(x) = x**3 - 186*x**2 - 2329*x + 333014. Determine b(189).
-4
Let t(v) = 7821*v + 93432. What is t(-12)?
-420
Let n(c) = c**3 - 112*c**2 - 1789*c + 189392. Give n(113).
4
Let t(b) = 9*b**3 + 112*b**2 - 66*b + 43. What is t(-13)?
56
Let c(z) = -7*z**2 + 562*z - 3754. Give c(73).
-31
Let l(c) = -c**3 + 99*c**2 + 209*c + 1636. Give l(101).
2343
Let f(u) = 738*u - 664. Give f(1).
74
Let r(a) = 1758*a - 14091. Give r(8).
-27
Let g(s) = -6*s**3 - 802*s**2 + 272*s + 575. Calculate g(-134).
39
Let d(k) = -7*k**2 - 63*k + 496. Give d(-14).
6
Let b(t) = -t**3 - 4*t**2 - 4*t - 257. Calculate b(-9).
184
Let l(s) = s**3 + 671*s**2 + 7215*s + 5300053. Give l(-672).
-11
Let f(d) = 2*d**3 - 188*d**2 - 131*d - 5607. Calculate f(95).
-2
Let a(v) = 26*v**2 - 1074*v + 439. Determine a(41).
111
Let n(y) = y**2 - 185*y - 49794. What is n(-149)?
-28
Let a(x) = 8000*x + 184489. Give a(-23).
489
Let x(f) = -f**3 - 382*f**2 - 16299*f + 856. Calculate x(-49).
-26
Let v(b) = -b**3 - 15*b**2 - 76*b - 148. Give v(-8).
12
Let n(w) = -1992*w - 3961. Determine n(-2).
23
Let u(c) = c**3 - 45*c**2 + 506*c - 24. Calculate u(21).
18
Let t(i) = -2184*i - 823341. Give t(-377).
27
Let i(r) = 2*r**2 + 193*r - 41113. Determine i(103).
-16
Let k(f) = 31*f**2 - 500*f + 915. Determine k(14).
-9
Let h(i) = -140137*i - 980956. Give h(-7).
3
Let k(f) = -30*f**2 + 407*f - 1246. Give k(9).
-13
Let z(j) = -21690041*j - 108450208. Calculate z(-5).
-3
Let p(q) = 112*q**2 - 2354*q. Give p(21).
-42
Let j(q) = -2*q**3 - 4*q**2 - 87*q + 172. Give j(2).
-34
Let k(m) = m**3 + 8*m**2 - 711*m + 269. Calculate k(-31).
207
Let v(w) = -2*w**3 - 43*w**2 - 52*w - 30. What is v(-19)?
-847
Let t(g) = -132*g - 2602. Calculate t(-19).
-94
Let b(s) = -56590*s - 452693. What is b(-8)?
27
Let z(l) = -l**2 + 509*l + 12290. Determine z(-23).
54
Let i(q) = 105*q**2 - 4009*q - 38781. What is i(-8)?
11
Let s(r) = r**3 + 13*r**2 - 21*r - 209. Determine s(-6).
169
Let k(q) = 112346*q + 224704. Calculate k(-2).
12
Let s(j) = j**3 + 96*j**2 - 7500*j + 161. Calculate s(51).
8
Let x(o) = -139*o + 2948. Give x(26).
-666
Let c(o) = -60*o**2 - 67*o + 27. What is c(-1)?
34
Let i(q) = -34*q + 4164. Give i(130).
-256
Let f(q) = 28*q**2 + 184*q + 713. What is f(-4)?
425
Let w(s) = 4*s**3 